t is the hundred thousands digit of 45482105?
4
What is the billions digit of 6747633737?
6
What is the tens digit of 45165950?
5
What is the tens digit of 94391154?
5
What is the tens digit of 46137763?
6
What is the thousands digit of 4686140181?
0
What is the hundred millions digit of 388831136?
3
What is the hundred millions digit of 877895776?
8
What is the hundreds digit of 27242332?
3
What is the hundred thousands digit of 426201237?
2
What is the units digit of 248843572?
2
What is the ten millions digit of 210907474?
1
What is the millions digit of 8114354504?
4
What is the ten millions digit of 113438080?
1
What is the billions digit of 6222797108?
6
What is the hundred thousands digit of 491646417?
6
What is the hundreds digit of 366683861?
8
What is the billions digit of 6682833506?
6
What is the millions digit of 536438200?
6
What is the thousands digit of 1967220388?
0
What is the millions digit of 48136516?
8
What is the thousands digit of 15823572?
3
What is the hundred thousands digit of 112176?
1
What is the hundred thousands digit of 1374898375?
8
What is the units digit of 37941439?
9
What is the hundred thousands digit of 1113258566?
2
What is the ten millions digit of 92480301?
9
What is the ten millions digit of 46197339?
4
What is the hundred thousands digit of 2634798046?
7
What is the hundred thousands digit of 8162941129?
9
What is the ten thousands digit of 7257161077?
6
What is the thousands digit of 142705055?
5
What is the hundred millions digit of 352059106?
3
What is the hundred thousands digit of 197298409?
2
What is the hundreds digit of 25834241?
2
What is the tens digit of 49589945?
4
What is the thousands digit of 8209102998?
2
What is the tens digit of 82414546?
4
What is the ten millions digit of 168958591?
6
What is the hundred millions digit of 1735004982?
7
What is the thousands digit of 298578791?
8
What is the hundred millions digit of 7459234291?
4
What is the ten millions digit of 641716025?
4
What is the ten thousands digit of 361777451?
7
What is the ten millions digit of 2586787384?
8
What is the tens digit of 119313192?
9
What is the thousands digit of 49025271?
5
What is the millions digit of 121872483?
1
What is the hundred millions digit of 312365255?
3
What is the hundred millions digit of 4643640083?
6
What is the units digit of 378301883?
3
What is the thousands digit of 91669999?
9
What is the tens digit of 320651396?
9
What is the hundred thousands digit of 107211098?
2
What is the hundred millions digit of 160556478?
1
What is the thousands digit of 9480829?
0
What is the hundred thousands digit of 28117526?
1
What is the hundred millions digit of 102712144?
1
What is the millions digit of 18322473?
8
What is the millions digit of 31985657?
1
What is the millions digit of 50478839?
0
What is the hundred millions digit of 562873585?
5
What is the hundreds digit of 202129219?
2
What is the hundred millions digit of 644597383?
6
What is the ten millions digit of 615966376?
1
What is the ten thousands digit of 65737694?
3
What is the billions digit of 1347115926?
1
What is the millions digit of 59778132?
9
What is the units digit of 137923058?
8
What is the units digit of 2227127244?
4
What is the ten thousands digit of 72037591?
3
What is the hundred thousands digit of 2615643?
6
What is the hundred thousands digit of 868606307?
6
What is the hundred thousands digit of 27071075?
0
What is the hundreds digit of 594378042?
0
What is the thousands digit of 1833451619?
1
What is the hundreds digit of 908782986?
9
What is the thousands digit of 2676158490?
8
What is the hundreds digit of 580308917?
9
What is the hundreds digit of 205097200?
2
What is the hundreds digit of 170114654?
6
What is the ten thousands digit of 40578933?
7
What is the hundred thousands digit of 200052630?
0
What is the thousands digit of 316141864?
1
What is the millions digit of 298129308?
8
What is the ten millions digit of 1164656423?
6
What is the hundreds digit of 39268857?
8
What is the tens digit of 37528285?
8
What is the thousands digit of 35904789?
4
What is the hundred thousands digit of 618308751?
3
What is the millions digit of 31834169?
1
What is the thousands digit of 715613444?
3
What is the tens digit of 957507226?
2
What is the ten thousands digit of 1155521348?
2
What is the millions digit of 68018361?
8
What is the ten millions digit of 83499356?
8
What is the millions digit of 481211928?
1
What is the units digit of 125118796?
6
What is the thousands digit of 57905895?
5
What is the billions digit of 3438327830?
3
What is the hundred millions digit of 541000563?
5
What is the thousands digit of 39503414?
3
What is the hundred thousands digit of 30536098?
5
What is the hundreds digit of 2025465213?
2
What is the ten thousands digit of 41935055?
3
What is the tens digit of 46385596?
9
What is the tens digit of 323737710?
1
What is the thousands digit of 54800470?
0
What is the ten millions digit of 628005436?
2
What is the units digit of 508037461?
1
What is the billions digit of 4770490106?
4
What is the units digit of 140122856?
6
What is the hundreds digit of 45942522?
5
What is the hundred millions digit of 2671265845?
6
What is the hundred thousands digit of 1062731353?
7
What is the hundreds digit of 1450631383?
3
What is the units digit of 1864749495?
5
What is the ten millions digit of 11190726?
1
What is the hundred millions digit of 260441086?
2
What is the hundreds digit of 1004017956?
9
What is the ten thousands digit of 937252888?
5
What is the hundred millions digit of 427208784?
4
What is the hundred thousands digit of 241440131?
4
What is the ten millions digit of 78928539?
7
What is the billions digit of 4078109932?
4
What is the hundreds digit of 4313764037?
0
What is the ten thousands digit of 60792599?
9
What is the hundreds digit of 925905879?
8
What is the ten millions digit of 14617589?
1
What is the millions digit of 343971027?
3
What is the units digit of 85095807?
7
What is the billions digit of 3626645276?
3
What is the millions digit of 54265497?
4
What is the millions digit of 25580584?
5
What is the hundred millions digit of 688660217?
6
What is the millions digit of 131625741?
1
What is the ten thousands digit of 324251064?
5
What is the hundred millions digit of 104581379?
1
What is the millions digit of 630221616?
0
What is the hundred millions digit of 175057304?
1
What is the thousands digit of 88990435?
0
What is the hundreds digit of 2094156364?
3
What is the hundreds digit of 95109211?
2
What is the units digit of 39961652?
2
What is the tens digit of 4856384?
8
What is the ten millions digit of 621648270?
2
What is the thousands digit of 48652692?
2
What is the hundred thousands digit of 95186118?
1
What is the units digit of 90582849?
9
What is the hundred thousands digit of 31153959?
1
What is the units digit of 80392518?
8
What is the billions digit of 2914970460?
2
What is the tens digit of 3523303836?
3
What is the units digit of 394683120?
0
What is the millions digit of 67385230?
7
What is the thousands digit of 850410810?
0
What is the hundreds digit of 6961566?
5
What is the tens digit of 1616837299?
9
What is the millions digit of 34294137?
4
What is the billions digit of 1297348164?
1
What is the units digit of 1600066779?
9
What is the hundred thousands digit of 491093340?
0
What is the hundred thousands digit of 3991143?
9
What is the ten millions digit of 1049058940?
4
What is the hundreds digit of 7082583443?
4
What is the thousands digit of 1882395391?
5
What is the millions digit of 2333764793?
3
What is the millions digit of 514529571?
4
What is the units digit of 2750644162?
2
What is the billions digit of 1030519944?
1
What is the millions digit of 1644805022?
4
What is the ten thousands digit of 64586944?
8
What is the thousands digit of 322494592?
4
What is the ten millions digit of 489734511?
8
What is the tens digit of 184336710?
1
What is the ten thousands digit of 173690556?
9
What is the tens digit of 201925316?
1
What is the units digit of 1873838388?
8
What is the hundreds digit of 590405776?
7
What is the ten millions digit of 50146658?
5
What is the hundred millions digit of 113037586?
1
What is the units digit of 16447208?
8